{"id":56,"date":"2024-01-10T13:43:15","date_gmt":"2024-01-10T12:43:15","guid":{"rendered":"https:\/\/ecswelding.com\/index.php\/page\/"},"modified":"2024-01-12T11:30:28","modified_gmt":"2024-01-12T10:30:28","slug":"page","status":"publish","type":"page","link":"https:\/\/ecswelding.com\/index.php\/page\/","title":{"rendered":"Page"},"content":{"rendered":"<p>&nbsp;<\/p>\n<p><img loading=\"lazy\" decoding=\"async\" class=\"aligncenter size-full wp-image-876\" src=\"https:\/\/ecswelding.com\/wp-content\/uploads\/2024\/01\/MG_9307-copie.jpg\" alt=\"\" width=\"18000\" height=\"12000\" \/><\/p>\n<p><strong>E.C.S<\/strong> c\u2019est aussi : Un atelier de production de 1000 m\u00b2 \u00e9quip\u00e9 d\u2019un pont roulant de 10 tonnes et une aire de stockage. Une \u00e9quipe de poseurs internes (chaudronniers, serruriers, tuyauteurs, soudeurs et machiniste) Une \u00e9quipe de direction (directeur technique, m\u00e9thode, chef d\u2019atelier pr\u00e9parateur).\u00a0 \u00a0 \u00a0 \u00a0 \u00a0 \u00a0 \u00a0 \u00a0 \u00a0 Nous sommes sp\u00e9cialiste du \u00ab sur mesure \u00bb, de l\u2019\u00e9tude du projet \u00e0 l\u2019assemblage sur site, nous traitons vos commandes dans le respect de vos sp\u00e9cifications et de vos proc\u00e9dures :<\/p>\n<p>\u2022 \u00c9tudes R\u00e9alisation<\/p>\n<p>\u2022 Pr\u00e9fabrication<\/p>\n<p>\u2022 Montage sur site<\/p>\n<p>\u2022 Mise en service<\/p>\n<p>\u2022 Contr\u00f4les (CND)<\/p>\n","protected":false},"excerpt":{"rendered":"<p>&nbsp; E.C.S c\u2019est aussi : Un atelier de production de 1000 m\u00b2 \u00e9quip\u00e9 d\u2019un pont roulant de 10 tonnes et une aire de stockage. Une \u00e9quipe de poseurs internes (chaudronniers, serruriers, tuyauteurs, soudeurs et machiniste) Une \u00e9quipe de direction (directeur technique, m\u00e9thode, chef d\u2019atelier pr\u00e9parateur).\u00a0 \u00a0 \u00a0 \u00a0 \u00a0 \u00a0 \u00a0 \u00a0 \u00a0 Nous sommes &hellip; <\/p>\n<p class=\"link-more\"><a href=\"https:\/\/ecswelding.com\/index.php\/page\/\" class=\"more-link\">Continue reading<span class=\"screen-reader-text\"> &#8220;Page&#8221;<\/span><\/a><\/p>\n","protected":false},"author":1,"featured_media":0,"parent":0,"menu_order":0,"comment_status":"closed","ping_status":"closed","template":"","meta":{"footnotes":""},"_links":{"self":[{"href":"https:\/\/ecswelding.com\/index.php\/wp-json\/wp\/v2\/pages\/56"}],"collection":[{"href":"https:\/\/ecswelding.com\/index.php\/wp-json\/wp\/v2\/pages"}],"about":[{"href":"https:\/\/ecswelding.com\/index.php\/wp-json\/wp\/v2\/types\/page"}],"author":[{"embeddable":true,"href":"https:\/\/ecswelding.com\/index.php\/wp-json\/wp\/v2\/users\/1"}],"replies":[{"embeddable":true,"href":"https:\/\/ecswelding.com\/index.php\/wp-json\/wp\/v2\/comments?post=56"}],"version-history":[{"count":3,"href":"https:\/\/ecswelding.com\/index.php\/wp-json\/wp\/v2\/pages\/56\/revisions"}],"predecessor-version":[{"id":880,"href":"https:\/\/ecswelding.com\/index.php\/wp-json\/wp\/v2\/pages\/56\/revisions\/880"}],"wp:attachment":[{"href":"https:\/\/ecswelding.com\/index.php\/wp-json\/wp\/v2\/media?parent=56"}],"curies":[{"name":"wp","href":"https:\/\/api.w.org\/{rel}","templated":true}]}}