{"id":279,"date":"2024-01-10T13:45:26","date_gmt":"2024-01-10T12:45:26","guid":{"rendered":"https:\/\/ecswelding.com\/index.php\/page-3\/"},"modified":"2024-01-12T10:56:23","modified_gmt":"2024-01-12T09:56:23","slug":"page-3","status":"publish","type":"page","link":"https:\/\/ecswelding.com\/index.php\/page-3\/","title":{"rendered":"Page"},"content":{"rendered":"<p>E.C.S c\u2019est aussi : Un atelier de production de 1000 m\u00b2 \u00e9quip\u00e9 d\u2019un pont roulant de 10 tonnes et une aire de stockage. Une \u00e9quipe de poseurs internes (chaudronniers, serruriers, tuyauteurs, soudeurs et machiniste) Une \u00e9quipe de direction (directeur technique, m\u00e9thode, chef d\u2019atelier pr\u00e9parateur). Nous sommes sp\u00e9cialiste du \u00ab sur mesure \u00bb, de l\u2019\u00e9tude du projet \u00e0 l\u2019assemblage sur site, nous traitons vos commandes dans le respect de vos sp\u00e9cifications et de vos proc\u00e9dures :<\/p>\n<p>\u2022 \u00c9tudes R\u00e9alisation<\/p>\n<p>\u2022 Pr\u00e9fabrication \u2022<\/p>\n<p>Montage sur site<\/p>\n<p>\u2022 Mise en service<\/p>\n<p>\u2022 Contr\u00f4les (CND)<\/p>\n\n\t\t<style type=\"text\/css\">\n\t\t\t#gallery-1 {\n\t\t\t\tmargin: auto;\n\t\t\t}\n\t\t\t#gallery-1 .gallery-item {\n\t\t\t\tfloat: left;\n\t\t\t\tmargin-top: 10px;\n\t\t\t\ttext-align: center;\n\t\t\t\twidth: 33%;\n\t\t\t}\n\t\t\t#gallery-1 img {\n\t\t\t\tborder: 2px solid #cfcfcf;\n\t\t\t}\n\t\t\t#gallery-1 .gallery-caption {\n\t\t\t\tmargin-left: 0;\n\t\t\t}\n\t\t\t\/* see gallery_shortcode() in wp-includes\/media.php *\/\n\t\t<\/style>\n\t\t<div id='gallery-1' class='gallery galleryid-279 gallery-columns-3 gallery-size-full'><dl class='gallery-item'>\n\t\t\t<dt class='gallery-icon portrait'>\n\t\t\t\t<a href='https:\/\/ecswelding.com\/index.php\/page-3\/dsc_8186\/'><img loading=\"lazy\" decoding=\"async\" width=\"1696\" height=\"2560\" src=\"https:\/\/ecswelding.com\/wp-content\/uploads\/2024\/01\/DSC_8186-scaled.jpg\" class=\"attachment-full size-full\" alt=\"\" aria-describedby=\"gallery-1-864\" srcset=\"https:\/\/ecswelding.com\/wp-content\/uploads\/2024\/01\/DSC_8186-scaled.jpg 1696w, https:\/\/ecswelding.com\/wp-content\/uploads\/2024\/01\/DSC_8186-199x300.jpg 199w, https:\/\/ecswelding.com\/wp-content\/uploads\/2024\/01\/DSC_8186-679x1024.jpg 679w, https:\/\/ecswelding.com\/wp-content\/uploads\/2024\/01\/DSC_8186-768x1159.jpg 768w, https:\/\/ecswelding.com\/wp-content\/uploads\/2024\/01\/DSC_8186-1018x1536.jpg 1018w, https:\/\/ecswelding.com\/wp-content\/uploads\/2024\/01\/DSC_8186-1357x2048.jpg 1357w\" sizes=\"(max-width: 1696px) 100vw, 1696px\" \/><\/a>\n\t\t\t<\/dt>\n\t\t\t\t<dd class='wp-caption-text gallery-caption' id='gallery-1-864'>\n\t\t\t\tPerceuse Radiale \n\t\t\t\t<\/dd><\/dl><dl class='gallery-item'>\n\t\t\t<dt class='gallery-icon landscape'>\n\t\t\t\t<a href='https:\/\/ecswelding.com\/index.php\/page-3\/dsc_8176\/'><img loading=\"lazy\" decoding=\"async\" width=\"2560\" height=\"1696\" src=\"https:\/\/ecswelding.com\/wp-content\/uploads\/2024\/01\/DSC_8176-scaled.jpg\" class=\"attachment-full size-full\" alt=\"\" aria-describedby=\"gallery-1-865\" srcset=\"https:\/\/ecswelding.com\/wp-content\/uploads\/2024\/01\/DSC_8176-scaled.jpg 2560w, https:\/\/ecswelding.com\/wp-content\/uploads\/2024\/01\/DSC_8176-300x199.jpg 300w, https:\/\/ecswelding.com\/wp-content\/uploads\/2024\/01\/DSC_8176-1024x678.jpg 1024w, https:\/\/ecswelding.com\/wp-content\/uploads\/2024\/01\/DSC_8176-768x509.jpg 768w, https:\/\/ecswelding.com\/wp-content\/uploads\/2024\/01\/DSC_8176-1536x1017.jpg 1536w, https:\/\/ecswelding.com\/wp-content\/uploads\/2024\/01\/DSC_8176-2048x1357.jpg 2048w\" sizes=\"(max-width: 2560px) 100vw, 2560px\" \/><\/a>\n\t\t\t<\/dt>\n\t\t\t\t<dd class='wp-caption-text gallery-caption' id='gallery-1-865'>\n\t\t\t\tCintreuse Hydrolique\n\t\t\t\t<\/dd><\/dl><dl class='gallery-item'>\n\t\t\t<dt class='gallery-icon landscape'>\n\t\t\t\t<a href='https:\/\/ecswelding.com\/index.php\/page-3\/dsc_8158\/'><img loading=\"lazy\" decoding=\"async\" width=\"2560\" height=\"1696\" src=\"https:\/\/ecswelding.com\/wp-content\/uploads\/2024\/01\/DSC_8158-scaled.jpg\" class=\"attachment-full size-full\" alt=\"\" aria-describedby=\"gallery-1-866\" srcset=\"https:\/\/ecswelding.com\/wp-content\/uploads\/2024\/01\/DSC_8158-scaled.jpg 2560w, https:\/\/ecswelding.com\/wp-content\/uploads\/2024\/01\/DSC_8158-300x199.jpg 300w, https:\/\/ecswelding.com\/wp-content\/uploads\/2024\/01\/DSC_8158-1024x678.jpg 1024w, https:\/\/ecswelding.com\/wp-content\/uploads\/2024\/01\/DSC_8158-768x509.jpg 768w, https:\/\/ecswelding.com\/wp-content\/uploads\/2024\/01\/DSC_8158-1536x1017.jpg 1536w, https:\/\/ecswelding.com\/wp-content\/uploads\/2024\/01\/DSC_8158-2048x1357.jpg 2048w\" sizes=\"(max-width: 2560px) 100vw, 2560px\" \/><\/a>\n\t\t\t<\/dt>\n\t\t\t\t<dd class='wp-caption-text gallery-caption' id='gallery-1-866'>\n\t\t\t\tGuillotine\n\t\t\t\t<\/dd><\/dl><br style=\"clear: both\" \/><dl class='gallery-item'>\n\t\t\t<dt class='gallery-icon landscape'>\n\t\t\t\t<a href='https:\/\/ecswelding.com\/index.php\/page-3\/dsc_8164\/'><img loading=\"lazy\" decoding=\"async\" width=\"2560\" height=\"1696\" src=\"https:\/\/ecswelding.com\/wp-content\/uploads\/2024\/01\/DSC_8164-scaled.jpg\" class=\"attachment-full size-full\" alt=\"\" aria-describedby=\"gallery-1-867\" srcset=\"https:\/\/ecswelding.com\/wp-content\/uploads\/2024\/01\/DSC_8164-scaled.jpg 2560w, https:\/\/ecswelding.com\/wp-content\/uploads\/2024\/01\/DSC_8164-300x199.jpg 300w, https:\/\/ecswelding.com\/wp-content\/uploads\/2024\/01\/DSC_8164-1024x678.jpg 1024w, https:\/\/ecswelding.com\/wp-content\/uploads\/2024\/01\/DSC_8164-768x509.jpg 768w, https:\/\/ecswelding.com\/wp-content\/uploads\/2024\/01\/DSC_8164-1536x1017.jpg 1536w, https:\/\/ecswelding.com\/wp-content\/uploads\/2024\/01\/DSC_8164-2048x1357.jpg 2048w\" sizes=\"(max-width: 2560px) 100vw, 2560px\" \/><\/a>\n\t\t\t<\/dt>\n\t\t\t\t<dd class='wp-caption-text gallery-caption' id='gallery-1-867'>\n\t\t\t\tRouleuse\n\t\t\t\t<\/dd><\/dl>\n\t\t\t<br style='clear: both' \/>\n\t\t<\/div>\n\n","protected":false},"excerpt":{"rendered":"<p>E.C.S c\u2019est aussi : Un atelier de production de 1000 m\u00b2 \u00e9quip\u00e9 d\u2019un pont roulant de 10 tonnes et une aire de stockage. Une \u00e9quipe de poseurs internes (chaudronniers, serruriers, tuyauteurs, soudeurs et machiniste) Une \u00e9quipe de direction (directeur technique, m\u00e9thode, chef d\u2019atelier pr\u00e9parateur). Nous sommes sp\u00e9cialiste du \u00ab sur mesure \u00bb, de l\u2019\u00e9tude du &hellip; <\/p>\n<p class=\"link-more\"><a href=\"https:\/\/ecswelding.com\/index.php\/page-3\/\" class=\"more-link\">Continue reading<span class=\"screen-reader-text\"> &#8220;Page&#8221;<\/span><\/a><\/p>\n","protected":false},"author":1,"featured_media":0,"parent":0,"menu_order":0,"comment_status":"closed","ping_status":"closed","template":"","meta":{"footnotes":""},"_links":{"self":[{"href":"https:\/\/ecswelding.com\/index.php\/wp-json\/wp\/v2\/pages\/279"}],"collection":[{"href":"https:\/\/ecswelding.com\/index.php\/wp-json\/wp\/v2\/pages"}],"about":[{"href":"https:\/\/ecswelding.com\/index.php\/wp-json\/wp\/v2\/types\/page"}],"author":[{"embeddable":true,"href":"https:\/\/ecswelding.com\/index.php\/wp-json\/wp\/v2\/users\/1"}],"replies":[{"embeddable":true,"href":"https:\/\/ecswelding.com\/index.php\/wp-json\/wp\/v2\/comments?post=279"}],"version-history":[{"count":2,"href":"https:\/\/ecswelding.com\/index.php\/wp-json\/wp\/v2\/pages\/279\/revisions"}],"predecessor-version":[{"id":868,"href":"https:\/\/ecswelding.com\/index.php\/wp-json\/wp\/v2\/pages\/279\/revisions\/868"}],"wp:attachment":[{"href":"https:\/\/ecswelding.com\/index.php\/wp-json\/wp\/v2\/media?parent=279"}],"curies":[{"name":"wp","href":"https:\/\/api.w.org\/{rel}","templated":true}]}}