{"id":11,"date":"2023-07-12T11:22:46","date_gmt":"2023-07-12T09:22:46","guid":{"rendered":"http:\/\/ecswelding.com\/?page_id=11"},"modified":"2024-01-12T13:27:34","modified_gmt":"2024-01-12T12:27:34","slug":"presentation","status":"publish","type":"page","link":"https:\/\/ecswelding.com\/","title":{"rendered":"Accueil"},"content":{"rendered":"\r\n\r\n\r\n<div class=\"wp-block-group wp-container-content-1 is-vertical is-nowrap is-layout-flex wp-container-core-group-is-layout-1 wp-block-group-is-layout-flex\">\r\n<p><strong>Apr\u00e8s chaque soudage nous r\u00e9alisons <\/strong><\/p>\r\n\r\n\r\n\r\n<ul>\r\n<li><em>Le\u00a0<strong>contr\u00f4le<\/strong>\u00a0dimensionnel, visuel, par ressuage et le\u00a0<strong>contr\u00f4le<\/strong>\u00a0magn\u00e9tique.<\/em><\/li>\r\n<\/ul>\r\n\r\n\r\n\r\n<ul>\r\n<li><em>Les\u00a0<strong>contr\u00f4les<\/strong>\u00a0visuels et dimensionnels qui ont pour objectif la d\u00e9tection des d\u00e9fauts de surface dans les assemblages soud\u00e9s.<\/em><\/li>\r\n<\/ul>\r\n<\/div>\r\n<\/div>\r\n<\/div>\r\n<\/div><\/span><\/p>\r\n<div class=\"wp-block-cover alignfull has-custom-content-position is-position-top-center\" style=\"margin-top: 0; padding: 5vw;\">\r\n<div class=\"wp-block-cover__inner-container\">\r\n<div class=\"wp-block-group is-content-justification-space-between is-layout-flex wp-container-core-group-is-layout-3 wp-block-group-is-layout-flex\">\r\n<div class=\"wp-block-cover is-light has-custom-content-position is-position-top-right wp-duotone-rgb137750-rgb210210210-2 wp-container-content-3\" style=\"min-height: 75vh; padding: 4vw;aspect-ratio:unset;\">\r\n<div class=\"wp-block-cover__inner-container is-layout-flow wp-block-cover-is-layout-flow\">\r\n<div class=\"wp-block-group is-vertical is-content-justification-right is-nowrap is-layout-flex wp-container-core-group-is-layout-2 wp-block-group-is-layout-flex\">\r\n<p class=\"has-text-align-center has-text-color\" style=\"color: #e59937; font-size: 90px; font-style: normal; font-weight: 800; letter-spacing: 0px; line-height: 1; text-transform: uppercase;\">\u00a0<\/p>\r\n<\/div>\r\n<\/div>\r\n<\/div>\r\n\r\n\r\n<!-- wp:group {\"style\":{\"layout\":{\"selfStretch\":\"fixed\",\"flexSize\":\"420px\"}},\"layout\":{\"type\":\"flex\",\"orientation\":\"vertical\",\"flexWrap\":\"nowrap\",\"verticalAlignment\":\"bottom\"}} -->\r\n<div class=\"wp-block-group\"><!-- wp:paragraph -->\r\n<p><strong>Apr\u00e8s chaque soudage nous r\u00e9alisons <\/strong><\/p>\r\n<!-- \/wp:paragraph -->\r\n\r\n<!-- wp:list -->\r\n<ul><!-- wp:list-item -->\r\n<li><em>Le\u00a0<strong>contr\u00f4le<\/strong>\u00a0dimensionnel, visuel, par ressuage et le\u00a0<strong>contr\u00f4le<\/strong>\u00a0magn\u00e9tique.<\/em><\/li>\r\n<!-- \/wp:list-item --><\/ul>\r\n<!-- \/wp:list -->\r\n\r\n<!-- wp:list -->\r\n<ul><!-- wp:list-item -->\r\n<li><em>Les\u00a0<strong>contr\u00f4les<\/strong>\u00a0visuels et dimensionnels qui ont pour objectif la d\u00e9tection des d\u00e9fauts de surface dans les assemblages soud\u00e9s.<\/em><\/li>\r\n<!-- \/wp:list-item --><\/ul>\r\n<!-- \/wp:list --><\/div>\r\n<\/div>\r\n<\/div>\r\n<\/div>\r\n\r\n<\/span><\/p>\r\n<div class=\"wp-block-cover alignfull has-custom-content-position is-position-top-center is-layout-flow wp-block-cover-is-layout-flow\" style=\"margin-top: 0; padding: 5vw;\">\r\n<div class=\"wp-block-cover__inner-container\"><!-- wp:group {\"style\":{\"spacing\":{\"blockGap\":\"3vw\"}},\"layout\":{\"type\":\"flex\",\"flexWrap\":\"wrap\",\"verticalAlignment\":\"stretch\",\"justifyContent\":\"space-between\"}} -->\r\n<div class=\"wp-block-group\"><!-- wp:cover {\"url\":\"https:\/\/ecswelding.com\/wp-content\/uploads\/2023\/07\/005.jpg\",\"id\":21,\"dimRatio\":50,\"minHeight\":75,\"minHeightUnit\":\"vh\",\"contentPosition\":\"top right\",\"isDark\":false,\"style\":{\"layout\":{\"selfStretch\":\"fill\"},\"spacing\":{\"padding\":{\"top\":\"4vw\",\"right\":\"4vw\",\"bottom\":\"4vw\",\"left\":\"4vw\"}},\"color\":{\"duotone\":[\"rgb(137, 75, 0)\",\"rgb(210, 210, 210)\"]}}} -->\r\n<div class=\"wp-block-cover is-light has-custom-content-position is-position-top-right\" style=\"min-height: 75vh; padding: 4vw;\">\r\n<div class=\"wp-block-cover__inner-container\"><!-- wp:group {\"style\":{\"spacing\":{\"blockGap\":\"0\"}},\"layout\":{\"type\":\"flex\",\"orientation\":\"vertical\",\"flexWrap\":\"nowrap\",\"justifyContent\":\"right\"}} -->\r\n<div class=\"wp-block-group\"><!-- wp:paragraph {\"style\":{\"typography\":{\"fontSize\":\"140px\",\"textTransform\":\"uppercase\",\"fontStyle\":\"normal\",\"fontWeight\":\"800\",\"lineHeight\":\"0.8\",\"letterSpacing\":\"-6px\"},\"color\":{\"text\":\"#e5683a\"}}} -->\r\n<p class=\"has-text-align-center has-text-color\" style=\"color: #e59937; font-size: 90px; font-style: normal; font-weight: 800; letter-spacing: 0px; line-height: 1; text-transform: uppercase;\">\u00a0<\/p>\r\n<!-- \/wp:paragraph --><\/div>\r\n<!-- \/wp:group --><\/div>\r\n<\/div>\r\n<!-- \/wp:cover -->\r\n\r\n<!-- wp:group {\"style\":{\"layout\":{\"selfStretch\":\"fixed\",\"flexSize\":\"420px\"}},\"layout\":{\"type\":\"flex\",\"orientation\":\"vertical\",\"flexWrap\":\"nowrap\",\"verticalAlignment\":\"bottom\"}} -->\r\n<div class=\"wp-block-group\"><!-- wp:paragraph -->\r\n<p><strong>Apr\u00e8s chaque soudage nous r\u00e9alisons <\/strong><\/p>\r\n<!-- \/wp:paragraph -->\r\n\r\n<!-- wp:list -->\r\n<ul><!-- wp:list-item -->\r\n<li><em>Le\u00a0<strong>contr\u00f4le<\/strong>\u00a0dimensionnel, visuel, par ressuage et le\u00a0<strong>contr\u00f4le<\/strong>\u00a0magn\u00e9tique.<\/em><\/li>\r\n<!-- \/wp:list-item --><\/ul>\r\n<!-- \/wp:list -->\r\n\r\n<!-- wp:list -->\r\n<ul><!-- wp:list-item -->\r\n<li><em>Les\u00a0<strong>contr\u00f4les<\/strong>\u00a0visuels et dimensionnels qui ont pour objectif la d\u00e9tection des d\u00e9fauts de surface dans les assemblages soud\u00e9s.<\/em><\/li>\r\n<!-- \/wp:list-item --><\/ul>\r\n<!-- \/wp:list --><\/div>\r\n<\/div>\r\n<\/div>\r\n<\/div>\r\n\r\n\r\n<div class=\"wp-block-column is-layout-flow wp-block-column-is-layout-flow\">\r\n<h2 class=\"wp-block-heading\">MACHINES<\/h2>\r\n\r\n\r\n\r\n<figure class=\"wp-block-image size-full\"><img loading=\"lazy\" decoding=\"async\" class=\"alignnone wp-image-845 size-medium\" src=\"https:\/\/ecswelding.com\/wp-content\/uploads\/2024\/01\/machines-300x200.jpg\" alt=\"\" width=\"300\" height=\"200\" srcset=\"https:\/\/ecswelding.com\/wp-content\/uploads\/2024\/01\/machines-300x200.jpg 300w, https:\/\/ecswelding.com\/wp-content\/uploads\/2024\/01\/machines-768x511.jpg 768w, https:\/\/ecswelding.com\/wp-content\/uploads\/2024\/01\/machines.jpg 800w\" sizes=\"(max-width: 300px) 100vw, 300px\" \/><\/figure>\r\n\r\n\r\n\r\n<p>Ma\u00eetrisez le Pliage avec ECS Welding &#8211; Pr\u00e9sentation de nos Plieuses de Pr\u00e9cision<\/p>\r\n<!--[if lt IE 9]><script>document.createElement('video');<\/script><![endif]-->\n\t<div class=\"wp-playlist wp-video-playlist wp-playlist-light\">\n\t\t<video controls=\"controls\" preload=\"none\" width=\"618\"\n\t\t height=\"348\"\t><\/video>\n\t<div class=\"wp-playlist-next\"><\/div>\n\t<div class=\"wp-playlist-prev\"><\/div>\n\t<noscript>\n\t<ol>\n\t\t<li><a href='https:\/\/ecswelding.com\/wp-content\/uploads\/2024\/01\/Projet-sans-titre.m4v'>ECS Pr\u00e9sentation machine<\/a><\/li>\t<\/ol>\n\t<\/noscript>\n\t<script type=\"application\/json\" class=\"wp-playlist-script\">{\"type\":\"video\",\"tracklist\":true,\"tracknumbers\":true,\"images\":true,\"artists\":true,\"tracks\":[{\"src\":\"https:\\\/\\\/ecswelding.com\\\/wp-content\\\/uploads\\\/2024\\\/01\\\/Projet-sans-titre.m4v\",\"type\":\"video\\\/mp4\",\"title\":\"ECS Pr\\u00e9sentation machine\",\"caption\":\"D\\u00e9couvrez l'Excellence avec ECS Welding - Pr\\u00e9sentation des Machines de Pointe\",\"description\":\"ECS Welding - Au-del\\u00e0 de la soudure : Notre engagement envers l'innovation, la qualit\\u00e9 et la satisfaction client fait d'ECS Welding bien plus qu'un fournisseur de machines de soudure. Nous sommes votre partenaire strat\\u00e9gique pour l'avenir de la fabrication m\\u00e9tallique.\",\"meta\":{\"length_formatted\":\"4:07\"},\"dimensions\":{\"original\":{\"width\":960,\"height\":540},\"resized\":{\"width\":618,\"height\":348}},\"image\":{\"src\":\"https:\\\/\\\/ecswelding.com\\\/wp-content\\\/uploads\\\/2024\\\/01\\\/Projet-sans-titre-m4v-image.jpg\",\"width\":960,\"height\":540},\"thumb\":{\"src\":\"https:\\\/\\\/ecswelding.com\\\/wp-content\\\/uploads\\\/2024\\\/01\\\/Projet-sans-titre-m4v-image-150x150.jpg\",\"width\":150,\"height\":150}}]}<\/script>\n<\/div>\n\t\r\n<\/div>\r\n<\/div>\r\n\r\n\r\n\r\n<blockquote class=\"wp-block-quote is-layout-flow wp-block-quote-is-layout-flow\">\r\n<p class=\"has-white-background-color has-background\" style=\"font-size: 29px;\"><strong>NOUS SOMMES LES GARANTS DE LA CONFORMITE, NOUS MAITRISONS LES CODES DE CONSTRUCTION, NORMES ET STANDARDS DE NOS CLIENTS <\/strong><\/p>\r\n\r\n\r\n\r\n<figure class=\"wp-block-image size-full is-resized\"><img loading=\"lazy\" decoding=\"async\" class=\"aligncenter wp-image-872 size-full\" src=\"https:\/\/ecswelding.com\/wp-content\/uploads\/2024\/01\/DSC_8033-scaled.jpg\" alt=\"\" width=\"2560\" height=\"1583\" srcset=\"https:\/\/ecswelding.com\/wp-content\/uploads\/2024\/01\/DSC_8033-scaled.jpg 2560w, https:\/\/ecswelding.com\/wp-content\/uploads\/2024\/01\/DSC_8033-300x186.jpg 300w, https:\/\/ecswelding.com\/wp-content\/uploads\/2024\/01\/DSC_8033-1024x633.jpg 1024w, https:\/\/ecswelding.com\/wp-content\/uploads\/2024\/01\/DSC_8033-768x475.jpg 768w, https:\/\/ecswelding.com\/wp-content\/uploads\/2024\/01\/DSC_8033-1536x950.jpg 1536w, https:\/\/ecswelding.com\/wp-content\/uploads\/2024\/01\/DSC_8033-2048x1267.jpg 2048w\" sizes=\"(max-width: 2560px) 100vw, 2560px\" \/><\/figure>\r\n<span style=\"color: #000000;\"><\/span><\/blockquote>\r\n<p><span style=\"color: #000000;\">\r\n\r\n<\/span><\/p>\r\n<p>&nbsp;<\/p>\r\n<p><span style=\"color: #000000;\">\r\n\r\n<!-- wp:cover {\"url\":\"https:\/\/ecswelding.com\/wp-content\/uploads\/2023\/07\/010.jpg\",\"id\":17,\"dimRatio\":50,\"customOverlayColor\":\"#36220c\",\"contentPosition\":\"top center\",\"align\":\"full\",\"style\":{\"spacing\":{\"padding\":{\"top\":\"5vw\",\"right\":\"5vw\",\"bottom\":\"5vw\",\"left\":\"5vw\"},\"margin\":{\"top\":\"0\"}}}} --><\/span><\/p>\r\n<div class=\"wp-block-cover alignfull has-custom-content-position is-position-top-center\" style=\"margin-top: 0; padding: 5vw;\">\r\n<div class=\"wp-block-cover__inner-container\"><!-- wp:group {\"style\":{\"spacing\":{\"blockGap\":\"3vw\"}},\"layout\":{\"type\":\"flex\",\"flexWrap\":\"wrap\",\"verticalAlignment\":\"stretch\",\"justifyContent\":\"space-between\"}} -->\r\n<div class=\"wp-block-group\"><!-- wp:cover {\"url\":\"https:\/\/ecswelding.com\/wp-content\/uploads\/2023\/07\/005.jpg\",\"id\":21,\"dimRatio\":50,\"minHeight\":75,\"minHeightUnit\":\"vh\",\"contentPosition\":\"top right\",\"isDark\":false,\"style\":{\"layout\":{\"selfStretch\":\"fill\"},\"spacing\":{\"padding\":{\"top\":\"4vw\",\"right\":\"4vw\",\"bottom\":\"4vw\",\"left\":\"4vw\"}},\"color\":{\"duotone\":[\"rgb(137, 75, 0)\",\"rgb(210, 210, 210)\"]}}} -->\r\n<div class=\"wp-block-cover is-light has-custom-content-position is-position-top-right\" style=\"min-height: 75vh; padding: 4vw;\">\r\n<div class=\"wp-block-cover__inner-container\"><!-- wp:group {\"style\":{\"spacing\":{\"blockGap\":\"0\"}},\"layout\":{\"type\":\"flex\",\"orientation\":\"vertical\",\"flexWrap\":\"nowrap\",\"justifyContent\":\"right\"}} -->\r\n<div class=\"wp-block-group\"><!-- wp:paragraph {\"style\":{\"typography\":{\"fontSize\":\"140px\",\"textTransform\":\"uppercase\",\"fontStyle\":\"normal\",\"fontWeight\":\"800\",\"lineHeight\":\"0.8\",\"letterSpacing\":\"-6px\"},\"color\":{\"text\":\"#e5683a\"}}} -->\r\n<p class=\"has-text-align-center has-text-color\" style=\"color: #e59937; font-size: 90px; font-style: normal; font-weight: 800; letter-spacing: 0px; line-height: 1; text-transform: uppercase;\">\u00a0<\/p>\r\n<!-- \/wp:paragraph --><\/div>\r\n<!-- \/wp:group --><\/div>\r\n<\/div>\r\n<!-- \/wp:cover -->\r\n\r\n<!-- wp:group {\"style\":{\"layout\":{\"selfStretch\":\"fixed\",\"flexSize\":\"420px\"}},\"layout\":{\"type\":\"flex\",\"orientation\":\"vertical\",\"flexWrap\":\"nowrap\",\"verticalAlignment\":\"bottom\"}} -->\r\n<div class=\"wp-block-group\"><!-- wp:paragraph -->\r\n<p><strong>Apr\u00e8s chaque soudage nous r\u00e9alisons <\/strong><\/p>\r\n<!-- \/wp:paragraph -->\r\n\r\n<!-- wp:list -->\r\n<ul><!-- wp:list-item -->\r\n<li><em>Le\u00a0<strong>contr\u00f4le<\/strong>\u00a0dimensionnel, visuel, par ressuage et le\u00a0<strong>contr\u00f4le<\/strong>\u00a0magn\u00e9tique.<\/em><\/li>\r\n<!-- \/wp:list-item --><\/ul>\r\n<!-- \/wp:list -->\r\n\r\n<!-- wp:list -->\r\n<ul><!-- wp:list-item -->\r\n<li><em>Les\u00a0<strong>contr\u00f4les<\/strong>\u00a0visuels et dimensionnels qui ont pour objectif la d\u00e9tection des d\u00e9fauts de surface dans les assemblages soud\u00e9s.<\/em><\/li>\r\n<!-- \/wp:list-item --><\/ul>\r\n<!-- \/wp:list --><\/div>\r\n<\/div>\r\n<\/div>\r\n<\/div>\r\n<div class=\"wp-block-columns alignfull has-text-color has-background is-layout-flex wp-container-core-columns-is-layout-1 wp-block-columns-is-layout-flex\" style=\"color: #000000; background-color: #ffffff;\">\r\n<div class=\"wp-block-column is-layout-flow wp-block-column-is-layout-flow\">\r\n<h3 class=\"wp-block-heading\" style=\"font-size: 24px; line-height: 1.3; text-align: left;\"><strong><a href=\"https:\/\/www.ecswelding.com\" target=\"_blank\" rel=\"noreferrer noopener\">Visite virtuelle \u2197<\/a><\/strong><\/h3>\r\n\r\n\r\n\r\n<p class=\"wp-block-image size-full is-resized\"><img loading=\"lazy\" decoding=\"async\" class=\"aligncenter wp-image-870 size-full\" src=\"https:\/\/ecswelding.com\/wp-content\/uploads\/2024\/01\/DSC_8041-scaled.jpg\" alt=\"\" width=\"2560\" height=\"1696\" srcset=\"https:\/\/ecswelding.com\/wp-content\/uploads\/2024\/01\/DSC_8041-scaled.jpg 2560w, https:\/\/ecswelding.com\/wp-content\/uploads\/2024\/01\/DSC_8041-300x199.jpg 300w, https:\/\/ecswelding.com\/wp-content\/uploads\/2024\/01\/DSC_8041-1024x678.jpg 1024w, https:\/\/ecswelding.com\/wp-content\/uploads\/2024\/01\/DSC_8041-768x509.jpg 768w, https:\/\/ecswelding.com\/wp-content\/uploads\/2024\/01\/DSC_8041-1536x1017.jpg 1536w, https:\/\/ecswelding.com\/wp-content\/uploads\/2024\/01\/DSC_8041-2048x1357.jpg 2048w\" sizes=\"(max-width: 2560px) 100vw, 2560px\" \/><\/p>\r\n\r\n\r\n\r\n<p>\ud83d\udd0d <strong>Gamme Compl\u00e8te :<\/strong> Que vous recherchiez des solutions pour la soudure TIG, MIG\/MAG, par points, ou d&#8217;autres applications sp\u00e9cialis\u00e9es, notre gamme compl\u00e8te r\u00e9pond \u00e0 tous vos besoins. ECS Welding, votre guichet unique pour l&#8217;excellence en soudure.<\/p>\r\n<\/div>\r\n\r\n\r\n\r\n<div class=\"wp-block-column is-layout-flow wp-block-column-is-layout-flow\">\r\n<h3 class=\"wp-block-heading\" style=\"font-size: 24px; line-height: 1.3;\"><strong><a href=\"https:\/\/www.ecswelding.com\">Expos actuelles \u2197<\/a><\/strong><\/h3>\r\n\r\n\r\n\r\n<figure class=\"wp-block-image size-full\"><img loading=\"lazy\" decoding=\"async\" class=\"aligncenter wp-image-869 size-full\" src=\"https:\/\/ecswelding.com\/wp-content\/uploads\/2024\/01\/DSC_8051-1-scaled.jpg\" alt=\"\" width=\"2560\" height=\"1696\" srcset=\"https:\/\/ecswelding.com\/wp-content\/uploads\/2024\/01\/DSC_8051-1-scaled.jpg 2560w, https:\/\/ecswelding.com\/wp-content\/uploads\/2024\/01\/DSC_8051-1-300x199.jpg 300w, https:\/\/ecswelding.com\/wp-content\/uploads\/2024\/01\/DSC_8051-1-1024x678.jpg 1024w, https:\/\/ecswelding.com\/wp-content\/uploads\/2024\/01\/DSC_8051-1-768x509.jpg 768w, https:\/\/ecswelding.com\/wp-content\/uploads\/2024\/01\/DSC_8051-1-1536x1017.jpg 1536w, https:\/\/ecswelding.com\/wp-content\/uploads\/2024\/01\/DSC_8051-1-2048x1357.jpg 2048w\" sizes=\"(max-width: 2560px) 100vw, 2560px\" \/><\/figure>\r\n\r\n\r\n\r\n<p>ECS Welding offre une diversit\u00e9 de solutions adapt\u00e9es \u00e0 toutes les applications. D\u00e9couvrez comment nos machines allient puissance, pr\u00e9cision et facilit\u00e9 d&#8217;utilisation pour des r\u00e9sultats de soudure exceptionnels.<\/p>\r\n<\/div>\r\n\r\n\r\n\r\n<div class=\"wp-block-column is-layout-flow wp-block-column-is-layout-flow\">\r\n<h2 class=\"wp-block-heading\">ARGON<\/h2>\r\n\r\n\r\n\r\n<figure class=\"wp-block-image size-full\"><img loading=\"lazy\" decoding=\"async\" width=\"800\" height=\"532\" class=\"wp-image-29\" src=\"https:\/\/ecswelding.com\/wp-content\/uploads\/2023\/07\/006-1.jpg\" alt=\"\" srcset=\"https:\/\/ecswelding.com\/wp-content\/uploads\/2023\/07\/006-1.jpg 800w, https:\/\/ecswelding.com\/wp-content\/uploads\/2023\/07\/006-1-300x200.jpg 300w, https:\/\/ecswelding.com\/wp-content\/uploads\/2023\/07\/006-1-768x511.jpg 768w\" sizes=\"(max-width: 800px) 100vw, 800px\" \/><\/figure>\r\n\r\n\r\n\r\n<p>Ma\u00eetrisez l&#8217;Art de la Soudure avec ECS Welding &#8211; Pr\u00e9sentation des Applications de l&#8217;Argon<\/p>\r\n<\/div>\r\n\r\n\r\n\r\n<div class=\"wp-block-column is-layout-flow wp-block-column-is-layout-flow\">\r\n<h2 class=\"wp-block-heading\">PERCEUSE<\/h2>\r\n\r\n\r\n\r\n<figure class=\"wp-block-image size-full\"><img loading=\"lazy\" decoding=\"async\" width=\"800\" height=\"532\" class=\"wp-image-31\" src=\"https:\/\/ecswelding.com\/wp-content\/uploads\/2023\/07\/004.jpg\" alt=\"\" srcset=\"https:\/\/ecswelding.com\/wp-content\/uploads\/2023\/07\/004.jpg 800w, https:\/\/ecswelding.com\/wp-content\/uploads\/2023\/07\/004-300x200.jpg 300w, https:\/\/ecswelding.com\/wp-content\/uploads\/2023\/07\/004-768x511.jpg 768w\" sizes=\"(max-width: 800px) 100vw, 800px\" \/><\/figure>\r\n\r\n\r\n\r\n<p>Percez l&#8217;Excellence avec ECS Welding &#8211; D\u00e9couvrez nos Outils de Per\u00e7age de Pointe<\/p>\r\n<\/div>\r\n\r\n\r\n<!-- wp:column -->\r\n<div class=\"wp-block-column\"><!-- wp:heading -->\r\n<h2 class=\"wp-block-heading\">MACHINES<\/h2>\r\n<!-- \/wp:heading -->\r\n\r\n<!-- wp:image {\"id\":33,\"sizeSlug\":\"full\",\"linkDestination\":\"none\"} -->\r\n<figure class=\"wp-block-image size-full\"><img loading=\"lazy\" decoding=\"async\" class=\"alignnone wp-image-845 size-medium\" src=\"https:\/\/ecswelding.com\/wp-content\/uploads\/2024\/01\/machines-300x200.jpg\" alt=\"\" width=\"300\" height=\"200\" srcset=\"https:\/\/ecswelding.com\/wp-content\/uploads\/2024\/01\/machines-300x200.jpg 300w, https:\/\/ecswelding.com\/wp-content\/uploads\/2024\/01\/machines-768x511.jpg 768w, https:\/\/ecswelding.com\/wp-content\/uploads\/2024\/01\/machines.jpg 800w\" sizes=\"(max-width: 300px) 100vw, 300px\" \/><\/figure>\r\n<!-- \/wp:image -->\r\n\r\n<!-- wp:paragraph -->\r\n<p>Ma\u00eetrisez le Pliage avec ECS Welding &#8211; Pr\u00e9sentation de nos Plieuses de Pr\u00e9cision<\/p>\r\n<div class=\"wp-playlist wp-video-playlist wp-playlist-light\">\n\t\t<video controls=\"controls\" preload=\"none\" width=\"618\"\n\t\t height=\"348\"\t><\/video>\n\t<div class=\"wp-playlist-next\"><\/div>\n\t<div class=\"wp-playlist-prev\"><\/div>\n\t<noscript>\n\t<ol>\n\t\t<li><a href='https:\/\/ecswelding.com\/wp-content\/uploads\/2024\/01\/Projet-sans-titre.m4v'>ECS Pr\u00e9sentation machine<\/a><\/li>\t<\/ol>\n\t<\/noscript>\n\t<script type=\"application\/json\" class=\"wp-playlist-script\">{\"type\":\"video\",\"tracklist\":true,\"tracknumbers\":true,\"images\":true,\"artists\":true,\"tracks\":[{\"src\":\"https:\\\/\\\/ecswelding.com\\\/wp-content\\\/uploads\\\/2024\\\/01\\\/Projet-sans-titre.m4v\",\"type\":\"video\\\/mp4\",\"title\":\"ECS Pr\\u00e9sentation machine\",\"caption\":\"D\\u00e9couvrez l'Excellence avec ECS Welding - Pr\\u00e9sentation des Machines de Pointe\",\"description\":\"ECS Welding - Au-del\\u00e0 de la soudure : Notre engagement envers l'innovation, la qualit\\u00e9 et la satisfaction client fait d'ECS Welding bien plus qu'un fournisseur de machines de soudure. Nous sommes votre partenaire strat\\u00e9gique pour l'avenir de la fabrication m\\u00e9tallique.\",\"meta\":{\"length_formatted\":\"4:07\"},\"dimensions\":{\"original\":{\"width\":960,\"height\":540},\"resized\":{\"width\":618,\"height\":348}},\"image\":{\"src\":\"https:\\\/\\\/ecswelding.com\\\/wp-content\\\/uploads\\\/2024\\\/01\\\/Projet-sans-titre-m4v-image.jpg\",\"width\":960,\"height\":540},\"thumb\":{\"src\":\"https:\\\/\\\/ecswelding.com\\\/wp-content\\\/uploads\\\/2024\\\/01\\\/Projet-sans-titre-m4v-image-150x150.jpg\",\"width\":150,\"height\":150}}]}<\/script>\n<\/div>\n\t\r\n<\/div>\r\n<\/div>\r\n<!-- \/wp:list -->\r\n\r\n<!-- wp:quote -->\r\n<blockquote class=\"wp-block-quote\"><!-- wp:paragraph {\"style\":{\"typography\":{\"fontSize\":\"29px\"}},\"backgroundColor\":\"white\"} -->\r\n<p class=\"has-white-background-color has-background\" style=\"font-size: 29px;\"><strong>NOUS SOMMES LES GARANTS DE LA CONFORMITE, NOUS MAITRISONS LES CODES DE CONSTRUCTION, NORMES ET STANDARDS DE NOS CLIENTS <\/strong><\/p>\r\n<!-- \/wp:paragraph -->\r\n\r\n<!-- wp:image {\"id\":12,\"width\":658,\"height\":425,\"sizeSlug\":\"full\",\"linkDestination\":\"none\"} -->\r\n<figure class=\"wp-block-image size-full is-resized\"><img loading=\"lazy\" decoding=\"async\" class=\"aligncenter wp-image-872 size-full\" src=\"https:\/\/ecswelding.com\/wp-content\/uploads\/2024\/01\/DSC_8033-scaled.jpg\" alt=\"\" width=\"2560\" height=\"1583\" srcset=\"https:\/\/ecswelding.com\/wp-content\/uploads\/2024\/01\/DSC_8033-scaled.jpg 2560w, https:\/\/ecswelding.com\/wp-content\/uploads\/2024\/01\/DSC_8033-300x186.jpg 300w, https:\/\/ecswelding.com\/wp-content\/uploads\/2024\/01\/DSC_8033-1024x633.jpg 1024w, https:\/\/ecswelding.com\/wp-content\/uploads\/2024\/01\/DSC_8033-768x475.jpg 768w, https:\/\/ecswelding.com\/wp-content\/uploads\/2024\/01\/DSC_8033-1536x950.jpg 1536w, https:\/\/ecswelding.com\/wp-content\/uploads\/2024\/01\/DSC_8033-2048x1267.jpg 2048w\" sizes=\"(max-width: 2560px) 100vw, 2560px\" \/><\/figure>\r\n<span style=\"color: #000000;\"><!-- \/wp:image --><\/span><\/blockquote>\r\n<p><span style=\"color: #000000;\"><!-- \/wp:quote -->\r\n\r\n<!-- wp:paragraph --><\/span><\/p>\r\n<p>&nbsp;<\/p>\r\n<p><span style=\"color: #000000;\"><!-- \/wp:paragraph -->\r\n\r\n<!-- wp:cover {\"url\":\"https:\/\/ecswelding.com\/wp-content\/uploads\/2023\/07\/010.jpg\",\"id\":17,\"dimRatio\":50,\"customOverlayColor\":\"#36220c\",\"contentPosition\":\"top center\",\"align\":\"full\",\"style\":{\"spacing\":{\"padding\":{\"top\":\"5vw\",\"right\":\"5vw\",\"bottom\":\"5vw\",\"left\":\"5vw\"},\"margin\":{\"top\":\"0\"}}}} --><\/span><\/p>\r\n<div class=\"wp-block-cover alignfull has-custom-content-position is-position-top-center\" style=\"margin-top: 0; padding: 5vw;\">\r\n<div class=\"wp-block-cover__inner-container\"><!-- wp:group {\"style\":{\"spacing\":{\"blockGap\":\"3vw\"}},\"layout\":{\"type\":\"flex\",\"flexWrap\":\"wrap\",\"verticalAlignment\":\"stretch\",\"justifyContent\":\"space-between\"}} -->\r\n<div class=\"wp-block-group\"><!-- wp:cover {\"url\":\"https:\/\/ecswelding.com\/wp-content\/uploads\/2023\/07\/005.jpg\",\"id\":21,\"dimRatio\":50,\"minHeight\":75,\"minHeightUnit\":\"vh\",\"contentPosition\":\"top right\",\"isDark\":false,\"style\":{\"layout\":{\"selfStretch\":\"fill\"},\"spacing\":{\"padding\":{\"top\":\"4vw\",\"right\":\"4vw\",\"bottom\":\"4vw\",\"left\":\"4vw\"}},\"color\":{\"duotone\":[\"rgb(137, 75, 0)\",\"rgb(210, 210, 210)\"]}}} -->\r\n<div class=\"wp-block-cover is-light has-custom-content-position is-position-top-right\" style=\"min-height: 75vh; padding: 4vw;\">\r\n<div class=\"wp-block-cover__inner-container\"><!-- wp:group {\"style\":{\"spacing\":{\"blockGap\":\"0\"}},\"layout\":{\"type\":\"flex\",\"orientation\":\"vertical\",\"flexWrap\":\"nowrap\",\"justifyContent\":\"right\"}} -->\r\n<div class=\"wp-block-group\"><!-- wp:paragraph {\"style\":{\"typography\":{\"fontSize\":\"140px\",\"textTransform\":\"uppercase\",\"fontStyle\":\"normal\",\"fontWeight\":\"800\",\"lineHeight\":\"0.8\",\"letterSpacing\":\"-6px\"},\"color\":{\"text\":\"#e5683a\"}}} -->\r\n<p class=\"has-text-align-center has-text-color\" style=\"color: #e59937; font-size: 90px; font-style: normal; font-weight: 800; letter-spacing: 0px; line-height: 1; text-transform: uppercase;\">\u00a0<\/p>\r\n<!-- \/wp:paragraph --><\/div>\r\n<!-- \/wp:group --><\/div>\r\n<\/div>\r\n<!-- \/wp:cover -->\r\n\r\n<!-- wp:group {\"style\":{\"layout\":{\"selfStretch\":\"fixed\",\"flexSize\":\"420px\"}},\"layout\":{\"type\":\"flex\",\"orientation\":\"vertical\",\"flexWrap\":\"nowrap\",\"verticalAlignment\":\"bottom\"}} -->\r\n<div class=\"wp-block-group\"><!-- wp:paragraph -->\r\n<p><strong>Apr\u00e8s chaque soudage nous r\u00e9alisons <\/strong><\/p>\r\n<!-- \/wp:paragraph -->\r\n\r\n<!-- wp:list -->\r\n<ul><!-- wp:list-item -->\r\n<li><em>Le\u00a0<strong>contr\u00f4le<\/strong>\u00a0dimensionnel, visuel, par ressuage et le\u00a0<strong>contr\u00f4le<\/strong>\u00a0magn\u00e9tique.<\/em><\/li>\r\n<!-- \/wp:list-item --><\/ul>\r\n<!-- \/wp:list -->\r\n\r\n<!-- wp:list -->\r\n<ul><!-- wp:list-item -->\r\n<li><em>Les\u00a0<strong>contr\u00f4les<\/strong>\u00a0visuels et dimensionnels qui ont pour objectif la d\u00e9tection des d\u00e9fauts de surface dans les assemblages soud\u00e9s.<\/em><\/li>\r\n<!-- \/wp:list-item --><\/ul>\r\n<!-- \/wp:list --><\/div>\r\n<\/div>\r\n<\/div>\r\n<\/div>","protected":false},"excerpt":{"rendered":"<p>Apr\u00e8s chaque soudage nous r\u00e9alisons MACHINES Ma\u00eetrisez le Pliage avec ECS Welding &#8211; Pr\u00e9sentation de nos Plieuses de Pr\u00e9cision NOUS SOMMES LES GARANTS DE LA CONFORMITE, NOUS MAITRISONS LES CODES DE CONSTRUCTION, NORMES ET STANDARDS DE NOS CLIENTS &nbsp; Visite virtuelle \u2197 \ud83d\udd0d Gamme Compl\u00e8te : Que vous recherchiez des solutions pour la soudure TIG, &hellip; <\/p>\n<p class=\"link-more\"><a href=\"https:\/\/ecswelding.com\/\" class=\"more-link\">Continue reading<span class=\"screen-reader-text\"> &#8220;Accueil&#8221;<\/span><\/a><\/p>\n","protected":false},"author":1,"featured_media":13,"parent":700,"menu_order":0,"comment_status":"closed","ping_status":"closed","template":"page-template\/home-page.php","meta":{"footnotes":""},"_links":{"self":[{"href":"https:\/\/ecswelding.com\/index.php\/wp-json\/wp\/v2\/pages\/11"}],"collection":[{"href":"https:\/\/ecswelding.com\/index.php\/wp-json\/wp\/v2\/pages"}],"about":[{"href":"https:\/\/ecswelding.com\/index.php\/wp-json\/wp\/v2\/types\/page"}],"author":[{"embeddable":true,"href":"https:\/\/ecswelding.com\/index.php\/wp-json\/wp\/v2\/users\/1"}],"replies":[{"embeddable":true,"href":"https:\/\/ecswelding.com\/index.php\/wp-json\/wp\/v2\/comments?post=11"}],"version-history":[{"count":31,"href":"https:\/\/ecswelding.com\/index.php\/wp-json\/wp\/v2\/pages\/11\/revisions"}],"predecessor-version":[{"id":912,"href":"https:\/\/ecswelding.com\/index.php\/wp-json\/wp\/v2\/pages\/11\/revisions\/912"}],"up":[{"embeddable":true,"href":"https:\/\/ecswelding.com\/index.php\/wp-json\/wp\/v2\/pages\/700"}],"wp:featuredmedia":[{"embeddable":true,"href":"https:\/\/ecswelding.com\/index.php\/wp-json\/wp\/v2\/media\/13"}],"wp:attachment":[{"href":"https:\/\/ecswelding.com\/index.php\/wp-json\/wp\/v2\/media?parent=11"}],"curies":[{"name":"wp","href":"https:\/\/api.w.org\/{rel}","templated":true}]}}